{"id":177,"date":"2022-08-18T10:59:18","date_gmt":"2022-08-18T15:59:18","guid":{"rendered":"https:\/\/atlanticprojectspanama.com\/?page_id=177"},"modified":"2022-08-18T10:59:18","modified_gmt":"2022-08-18T15:59:18","slug":"construccion-de-aulas-en-union-coclesana-santa-lucia-villa-escobal-y-nuevo-san-jose-corregimiento-de-guasimo-distrito-de-donoso-colon","status":"publish","type":"page","link":"https:\/\/atlanticprojectspanama.com\/index.php\/construccion-de-aulas-en-union-coclesana-santa-lucia-villa-escobal-y-nuevo-san-jose-corregimiento-de-guasimo-distrito-de-donoso-colon\/","title":{"rendered":"Construcci\u00f3n de Aulas en Uni\u00f3n Coclesana, Santa Lucia, Villa Escobal y Nuevo San Jos\u00e9, Corregimiento de Guasimo, Distrito de Donoso; Col\u00f3n"},"content":{"rendered":"<p style=\"text-align: center;\">Construcci\u00f3n de aulas escolares en comunidades de dif\u00edcil acceso en la Costa Abajo de la provincia Col\u00f3n.<\/p>\n<p><img loading=\"lazy\" decoding=\"async\" class=\"wp-image-178 aligncenter\" src=\"https:\/\/atlanticprojectspanama.com\/wp-content\/uploads\/2022\/08\/escobal-300x87.jpg\" alt=\"\" width=\"507\" height=\"147\" srcset=\"https:\/\/atlanticprojectspanama.com\/wp-content\/uploads\/2022\/08\/escobal-300x87.jpg 300w, https:\/\/atlanticprojectspanama.com\/wp-content\/uploads\/2022\/08\/escobal-768x223.jpg 768w, https:\/\/atlanticprojectspanama.com\/wp-content\/uploads\/2022\/08\/escobal.jpg 833w\" sizes=\"auto, (max-width: 507px) 100vw, 507px\" \/><\/p>\n","protected":false},"excerpt":{"rendered":"<p>Construcci\u00f3n de aulas escolares en comunidades de dif\u00edcil acceso en la Costa Abajo de la provincia Col\u00f3n.<\/p>\n","protected":false},"author":1,"featured_media":0,"parent":0,"menu_order":0,"comment_status":"closed","ping_status":"closed","template":"","meta":{"footnotes":""},"class_list":["post-177","page","type-page","status-publish","hentry"],"_links":{"self":[{"href":"https:\/\/atlanticprojectspanama.com\/index.php\/wp-json\/wp\/v2\/pages\/177","targetHints":{"allow":["GET"]}}],"collection":[{"href":"https:\/\/atlanticprojectspanama.com\/index.php\/wp-json\/wp\/v2\/pages"}],"about":[{"href":"https:\/\/atlanticprojectspanama.com\/index.php\/wp-json\/wp\/v2\/types\/page"}],"author":[{"embeddable":true,"href":"https:\/\/atlanticprojectspanama.com\/index.php\/wp-json\/wp\/v2\/users\/1"}],"replies":[{"embeddable":true,"href":"https:\/\/atlanticprojectspanama.com\/index.php\/wp-json\/wp\/v2\/comments?post=177"}],"version-history":[{"count":1,"href":"https:\/\/atlanticprojectspanama.com\/index.php\/wp-json\/wp\/v2\/pages\/177\/revisions"}],"predecessor-version":[{"id":179,"href":"https:\/\/atlanticprojectspanama.com\/index.php\/wp-json\/wp\/v2\/pages\/177\/revisions\/179"}],"wp:attachment":[{"href":"https:\/\/atlanticprojectspanama.com\/index.php\/wp-json\/wp\/v2\/media?parent=177"}],"curies":[{"name":"wp","href":"https:\/\/api.w.org\/{rel}","templated":true}]}}