{"id":99,"date":"2022-08-17T20:07:24","date_gmt":"2022-08-18T01:07:24","guid":{"rendered":"https:\/\/atlanticprojectspanama.com\/?page_id=99"},"modified":"2022-08-19T10:11:15","modified_gmt":"2022-08-19T15:11:15","slug":"construccion-de-1000-casas-de-interes-social-en-la-provincia-de-colon","status":"publish","type":"page","link":"https:\/\/atlanticprojectspanama.com\/index.php\/construccion-de-1000-casas-de-interes-social-en-la-provincia-de-colon\/","title":{"rendered":"Construcci\u00f3n de 1000 Casas de Inter\u00e9s Social en la Provincia de Col\u00f3n"},"content":{"rendered":"<p style=\"text-align: center;\">Construcci\u00f3n de 1000 casas para el Programa de Techos de Esperanza<\/p>\n<div id='gallery-1' class='gallery galleryid-99 gallery-columns-3 gallery-size-medium'><figure class='gallery-item'>\n\t\t\t<div class='gallery-icon landscape'>\n\t\t\t\t<a href='https:\/\/atlanticprojectspanama.com\/wp-content\/uploads\/2022\/08\/Casas-de-Interes-Social-Colon3.jpg'><img loading=\"lazy\" decoding=\"async\" width=\"300\" height=\"182\" src=\"https:\/\/atlanticprojectspanama.com\/wp-content\/uploads\/2022\/08\/Casas-de-Interes-Social-Colon3-300x182.jpg\" class=\"attachment-medium size-medium\" alt=\"\" srcset=\"https:\/\/atlanticprojectspanama.com\/wp-content\/uploads\/2022\/08\/Casas-de-Interes-Social-Colon3-300x182.jpg 300w, https:\/\/atlanticprojectspanama.com\/wp-content\/uploads\/2022\/08\/Casas-de-Interes-Social-Colon3.jpg 550w\" sizes=\"auto, (max-width: 300px) 100vw, 300px\" \/><\/a>\n\t\t\t<\/div><\/figure><figure class='gallery-item'>\n\t\t\t<div class='gallery-icon landscape'>\n\t\t\t\t<a href='https:\/\/atlanticprojectspanama.com\/wp-content\/uploads\/2022\/08\/Casas-de-Interes-Social-Colon2.jpg'><img loading=\"lazy\" decoding=\"async\" width=\"300\" height=\"195\" src=\"https:\/\/atlanticprojectspanama.com\/wp-content\/uploads\/2022\/08\/Casas-de-Interes-Social-Colon2-300x195.jpg\" class=\"attachment-medium size-medium\" alt=\"\" srcset=\"https:\/\/atlanticprojectspanama.com\/wp-content\/uploads\/2022\/08\/Casas-de-Interes-Social-Colon2-300x195.jpg 300w, https:\/\/atlanticprojectspanama.com\/wp-content\/uploads\/2022\/08\/Casas-de-Interes-Social-Colon2.jpg 522w\" sizes=\"auto, (max-width: 300px) 100vw, 300px\" \/><\/a>\n\t\t\t<\/div><\/figure><figure class='gallery-item'>\n\t\t\t<div class='gallery-icon landscape'>\n\t\t\t\t<a href='https:\/\/atlanticprojectspanama.com\/wp-content\/uploads\/2022\/08\/Casas-de-Interes-Social-Colon.jpg'><img loading=\"lazy\" decoding=\"async\" width=\"300\" height=\"201\" src=\"https:\/\/atlanticprojectspanama.com\/wp-content\/uploads\/2022\/08\/Casas-de-Interes-Social-Colon-300x201.jpg\" class=\"attachment-medium size-medium\" alt=\"\" srcset=\"https:\/\/atlanticprojectspanama.com\/wp-content\/uploads\/2022\/08\/Casas-de-Interes-Social-Colon-300x201.jpg 300w, https:\/\/atlanticprojectspanama.com\/wp-content\/uploads\/2022\/08\/Casas-de-Interes-Social-Colon.jpg 522w\" sizes=\"auto, (max-width: 300px) 100vw, 300px\" \/><\/a>\n\t\t\t<\/div><\/figure>\n\t\t<\/div>\n\n<p style=\"text-align: center;\">\n","protected":false},"excerpt":{"rendered":"<p>Construcci\u00f3n de 1000 casas para el Programa de Techos de Esperanza<\/p>\n","protected":false},"author":1,"featured_media":0,"parent":0,"menu_order":0,"comment_status":"closed","ping_status":"closed","template":"","meta":{"footnotes":""},"class_list":["post-99","page","type-page","status-publish","hentry"],"_links":{"self":[{"href":"https:\/\/atlanticprojectspanama.com\/index.php\/wp-json\/wp\/v2\/pages\/99","targetHints":{"allow":["GET"]}}],"collection":[{"href":"https:\/\/atlanticprojectspanama.com\/index.php\/wp-json\/wp\/v2\/pages"}],"about":[{"href":"https:\/\/atlanticprojectspanama.com\/index.php\/wp-json\/wp\/v2\/types\/page"}],"author":[{"embeddable":true,"href":"https:\/\/atlanticprojectspanama.com\/index.php\/wp-json\/wp\/v2\/users\/1"}],"replies":[{"embeddable":true,"href":"https:\/\/atlanticprojectspanama.com\/index.php\/wp-json\/wp\/v2\/comments?post=99"}],"version-history":[{"count":3,"href":"https:\/\/atlanticprojectspanama.com\/index.php\/wp-json\/wp\/v2\/pages\/99\/revisions"}],"predecessor-version":[{"id":274,"href":"https:\/\/atlanticprojectspanama.com\/index.php\/wp-json\/wp\/v2\/pages\/99\/revisions\/274"}],"wp:attachment":[{"href":"https:\/\/atlanticprojectspanama.com\/index.php\/wp-json\/wp\/v2\/media?parent=99"}],"curies":[{"name":"wp","href":"https:\/\/api.w.org\/{rel}","templated":true}]}}

Construcción de 1000 Casas de Interés Social en la Provincia de Colón

<p style="text-align: center;">Construcción de 1000 casas para el Programa de Techos de Esperanza</p>
<div id='gallery-1' class='gallery galleryid-99 gallery-columns-3 gallery-size-medium'><figure class='gallery-item'>
			<div class='gallery-icon landscape'>
				<a href='https://atlanticprojectspanama.com/wp-content/uploads/2022/08/Casas-de-Interes-Social-Colon3.jpg'><img loading="lazy" decoding="async" width="300" height="182" src="https://atlanticprojectspanama.com/wp-content/uploads/2022/08/Casas-de-Interes-Social-Colon3-300x182.jpg" class="attachment-medium size-medium" alt="" srcset="https://atlanticprojectspanama.com/wp-content/uploads/2022/08/Casas-de-Interes-Social-Colon3-300x182.jpg 300w, https://atlanticprojectspanama.com/wp-content/uploads/2022/08/Casas-de-Interes-Social-Colon3.jpg 550w" sizes="auto, (max-width: 300px) 100vw, 300px" /></a>
			</div></figure><figure class='gallery-item'>
			<div class='gallery-icon landscape'>
				<a href='https://atlanticprojectspanama.com/wp-content/uploads/2022/08/Casas-de-Interes-Social-Colon2.jpg'><img loading="lazy" decoding="async" width="300" height="195" src="https://atlanticprojectspanama.com/wp-content/uploads/2022/08/Casas-de-Interes-Social-Colon2-300x195.jpg" class="attachment-medium size-medium" alt="" srcset="https://atlanticprojectspanama.com/wp-content/uploads/2022/08/Casas-de-Interes-Social-Colon2-300x195.jpg 300w, https://atlanticprojectspanama.com/wp-content/uploads/2022/08/Casas-de-Interes-Social-Colon2.jpg 522w" sizes="auto, (max-width: 300px) 100vw, 300px" /></a>
			</div></figure><figure class='gallery-item'>
			<div class='gallery-icon landscape'>
				<a href='https://atlanticprojectspanama.com/wp-content/uploads/2022/08/Casas-de-Interes-Social-Colon.jpg'><img loading="lazy" decoding="async" width="300" height="201" src="https://atlanticprojectspanama.com/wp-content/uploads/2022/08/Casas-de-Interes-Social-Colon-300x201.jpg" class="attachment-medium size-medium" alt="" srcset="https://atlanticprojectspanama.com/wp-content/uploads/2022/08/Casas-de-Interes-Social-Colon-300x201.jpg 300w, https://atlanticprojectspanama.com/wp-content/uploads/2022/08/Casas-de-Interes-Social-Colon.jpg 522w" sizes="auto, (max-width: 300px) 100vw, 300px" /></a>
			</div></figure>
		</div>

<p style="text-align: center;">

<p>Construcción de 1000 casas para el Programa de Techos de Esperanza</p>
